{"id":169,"date":"2018-07-10T16:59:25","date_gmt":"2018-07-10T15:59:25","guid":{"rendered":"https:\/\/www.shspace.de\/?page_id=169"},"modified":"2024-02-22T23:03:57","modified_gmt":"2024-02-22T22:03:57","slug":"kundeninfo","status":"publish","type":"page","link":"https:\/\/www.shspace.de\/index.php\/kundeninfo\/","title":{"rendered":"Kundeninfo"},"content":{"rendered":"<div class=\"responsive-tabs\">\n<h2 class=\"tabtitle\">Netzwerk Status<\/h2>\n<div class=\"tabcontent\">\n\n<section id=\"09022023\">\n<h5>09.02.2023 CMS Typo3 hochriskante XSS L\u00fccke<\/h5>\n<p>Angreifer k\u00f6nnen eine Cross-Site-Scripting-L\u00fccke ausnutzen.<br \/>\nBitte spielen Sie unverz\u00fcglich das Update ein, um Ihre Typo3<br \/>\nWebseite sicher zu halten.<\/p>\n<\/section>\n<p>23.06.2022: Es liegen zur Zeit keine St\u00f6rungen vor !<\/p>\n<p>22.06.2022: St\u00f6rungen im Email Verkehr liegen zur Zeit vor.<br \/>\nEs kann zu versp\u00e4teten Zustellungen kommen.<\/p>\n<p>11.05.2021: Es liegen zur Zeit keine St\u00f6rungen vor !<\/p>\n\n<\/div><h2 class=\"tabtitle\">DSGVO<\/h2>\n<div class=\"tabcontent\">\n\n<h3>Ab dem 25.05.2018 gilt die neue DSGVO &#8211; folgende Dinge sind f\u00fcr Ihre Webseiten wichtig!<\/h3>\n<p>Dies ist eine reine Informationsseite, f\u00fcr die SH Space keine Gew\u00e4hr auf Vollst\u00e4ndigkeit noch Korrektheit \u00fcbernimmt. Bitte machen Sie sich unbedingt zus\u00e4tzlich bei anderen Anlaufstellen kundig (zB. bei einem Anwalt, Datenschutzbeauftragen, der IHK, der Datenschutzbeh\u00f6rde etc.).<\/p>\n<h3>Ein paar Punkte die Sie auf Ihrer Webseite beachten sollten:<\/h3>\n<p>&#8211; neue Datenschutzerkl\u00e4rung<\/p>\n<p>&#8211; die neue Datenschutzerkl\u00e4rung muss von jeder einzelnen Seite aus aufrufbar sein<\/p>\n<p>&#8211; Impressum anpassen<\/p>\n<p>&#8211; Falls Sie ein Kontaktformular auf Ihrer Seite haben, m\u00fcssen Sie dieses entsprechend den Vorgaben anpassen und Ihre Seite SSL-Verschl\u00fcsseln (Infos dazu gibt es bei uns). Am einfachsten ist es das Kontaktformular offline zu nehmen und daf\u00fcr eine Email-Adresse anzugeben<\/p>\n<p>&#8211; Falls Sie Cookies einsetzen, gibt es unterschiedliche Aussagen, wir haben uns f\u00fcr Cookieangabe auf der Startseite entschieden und zus\u00e4tzlich im Impressum (ab 2019 wird offiziell \u00fcber die Cookies entschieden)<\/p>\n<p>&#8211; Tools und Plugins m\u00fcssen in der Datenschutzerkl\u00e4rung erw\u00e4hnt werden, falls ein CMS (WordPress, Joomla, Typo3 etc) oder ein Facebook like oder share-Button verwendet wird (Urteil 2016 LG D\u00fcsseldorf versto\u00dfen gegen Datenschutzrecht)<\/p>\n\n<\/div><h2 class=\"tabtitle\">AV-Vertrag<\/h2>\n<div class=\"tabcontent\">\n\n<h3>AV-Vertrag mit SH Space<\/h3>\n<p>Falls Sie den AV-Vertrag (Auftragsverarbeitungsvertrag ab dem 25.05.2018 g\u00fcltig) noch nicht mit uns geschlossen haben, senden Sie eine Email an webmeister@shspace.de und es wird Ihnen umgehend ein (bereits unterschriebener Vertrag) zugeschickt.<\/p>\n<p>Bei Fragen stehen wir Ihnen gerne telefonisch oder per Email zur Verf\u00fcgung.<\/p>\n<\/div><\/div>\n","protected":false},"excerpt":{"rendered":"<p>09.02.2023 CMS Typo3 hochriskante XSS L\u00fccke Angreifer k\u00f6nnen eine Cross-Site-Scripting-L\u00fccke ausnutzen. Bitte spielen Sie unverz\u00fcglich das Update ein, um Ihre Typo3 Webseite sicher zu halten. 23.06.2022: Es liegen zur Zeit keine St\u00f6rungen vor ! 22.06.2022: St\u00f6rungen im Email Verkehr liegen zur Zeit vor. Es kann zu versp\u00e4teten Zustellungen kommen. 11.05.2021: Es liegen zur Zeit keine [&hellip;]<\/p>\n","protected":false},"author":1,"featured_media":0,"parent":0,"menu_order":0,"comment_status":"closed","ping_status":"closed","template":"","meta":{"footnotes":""},"class_list":["post-169","page","type-page","status-publish","hentry"],"_links":{"self":[{"href":"https:\/\/www.shspace.de\/index.php\/wp-json\/wp\/v2\/pages\/169","targetHints":{"allow":["GET"]}}],"collection":[{"href":"https:\/\/www.shspace.de\/index.php\/wp-json\/wp\/v2\/pages"}],"about":[{"href":"https:\/\/www.shspace.de\/index.php\/wp-json\/wp\/v2\/types\/page"}],"author":[{"embeddable":true,"href":"https:\/\/www.shspace.de\/index.php\/wp-json\/wp\/v2\/users\/1"}],"replies":[{"embeddable":true,"href":"https:\/\/www.shspace.de\/index.php\/wp-json\/wp\/v2\/comments?post=169"}],"version-history":[{"count":14,"href":"https:\/\/www.shspace.de\/index.php\/wp-json\/wp\/v2\/pages\/169\/revisions"}],"predecessor-version":[{"id":224,"href":"https:\/\/www.shspace.de\/index.php\/wp-json\/wp\/v2\/pages\/169\/revisions\/224"}],"wp:attachment":[{"href":"https:\/\/www.shspace.de\/index.php\/wp-json\/wp\/v2\/media?parent=169"}],"curies":[{"name":"wp","href":"https:\/\/api.w.org\/{rel}","templated":true}]}}