{"id":84,"date":"2014-03-08T04:40:50","date_gmt":"2014-03-08T03:40:50","guid":{"rendered":"http:\/\/www.shspace.de\/?page_id=84"},"modified":"2014-03-08T04:40:50","modified_gmt":"2014-03-08T03:40:50","slug":"domaininformationen","status":"publish","type":"page","link":"https:\/\/www.shspace.de\/index.php\/domaininformationen\/","title":{"rendered":"Domain Informationen"},"content":{"rendered":"<p><span style=\"text-decoration: underline;\"><strong>Domaingeb\u00fchren:<\/strong><\/span><\/p>\n<p>Die Domaingeb\u00fchren f\u00fcr die jeweiligen Domainendungen werden auf der Startseite der Domain-Registrierung nach Angaben der gew\u00fcnschten Domain aufgef\u00fchrt.<\/p>\n<p>Die Laufzeit einer Domain betr\u00e4gt ein Jahr und verl\u00e4ngert sich automatisch um ein weiteres Jahr,<br \/>\nfalls nicht sechs Wochen vor Ablauf die Domain gek\u00fcndigt wurde.<\/p>\n<p>F\u00fcr die Verl\u00e4ngerung um ein weiteres Jahr entstehen die gleichen Geb\u00fchren wie f\u00fcr die Erstregistrierung.<\/p>\n<p><strong><span style=\"text-decoration: underline;\"><br \/>\nAchtung dies ist nur ein Beispiel:<\/span><\/strong><br \/>\n(Hier wird der Registrierungs- und Verl\u00e4ngerungsvorgang gezeigt)<strong><span style=\"text-decoration: underline;\"><br \/>\n<\/span><\/strong><br \/>\nneue Domainanmeldung:<br \/>\n.de Domain Registrierungsgeb\u00fchr <strong>z.B.<\/strong> 19,- Euro &#8211; f\u00fcr das erste Jahr<\/p>\n<p>ab dem zweiten Jahr (Domainverl\u00e4ngerung):<br \/>\n.de Domain Verl\u00e4ngerungsgeb\u00fchr <strong>z.B.<\/strong> 19,- Euro &#8211; gilt f\u00fcr alle darauf folgenden Jahre<\/p>\n<p>Bei Webhosting Paketen ist bereits eine Domain im Preis enthalten.<\/p>\n<p align=\"JUSTIFY\"><span style=\"text-decoration: underline;\"><strong><br \/>\nRestore (Wiederherstellung) gel\u00f6schter Domainnamen:<\/strong><\/span><\/p>\n<p align=\"JUSTIFY\"><strong>Dies gilt nur f\u00fcr bestimmte Domainendungen<\/strong>!<br \/>\nIst eine Domain zur L\u00f6schung in Auftrag gegeben und befindet sich diese noch in der s.g.<br \/>\nRedemption-Period (trifft nur f\u00fcr ein paar Domainendungen zu), kann die Domain durch eine einmalige<br \/>\nRestoregeb\u00fchr (Wiederherstellungsgeb\u00fchr) reaktiviert werden. Kosten pro Domain: 70,- Euro.<\/p>\n<p><strong><span style=\"text-decoration: underline;\"><br \/>\nInformationen an den Domaininhaber per Email<\/span><\/strong><\/p>\n<p>Vor Ablauf einer Domain erh\u00e4lt der Domaininhaber zwei Email-Benachrichtigungen, die auf das bevorstehende Laufzeitende aufmerksam machen:<\/p>\n<p>&#8211; erste Nachricht ca. ein Monat vor Laufzeitende<br \/>\n&#8211; zweite Nachricht ca. eine Woche vor Laufzeitende<\/p>\n<p>ca. 5 Tage nach der L\u00f6schung erh\u00e4lt der Domaininhaber eine weitere Email, um auf die bereits vollzogene L\u00f6schung aufmerksam zu machen. Bei einigen Domainendungen ist die Wiederherstellung durch die o.g. Geb\u00fchr m\u00f6glich, bei den meisten allerdings <strong>nicht<\/strong>!<\/p>\n<p>Falls Sie nicht wissen ob Ihre Domain wieder hergestellt werden kann, kontaktieren Sie uns, wir helfen Ihnen gerne weiter.<\/p>\n<p>Bitte halten Sie Ihre Domain Information (Email Kontakt, Adresse) stets aktuell. Der Support f\u00fchrt Updates dieser Informationen jederzeit kostenfrei aus.<\/p>\n","protected":false},"excerpt":{"rendered":"<p>Domaingeb\u00fchren: Die Domaingeb\u00fchren f\u00fcr die jeweiligen Domainendungen werden auf der Startseite der Domain-Registrierung nach Angaben der gew\u00fcnschten Domain aufgef\u00fchrt. Die Laufzeit einer Domain betr\u00e4gt ein Jahr und verl\u00e4ngert sich automatisch um ein weiteres Jahr, falls nicht sechs Wochen vor Ablauf die Domain gek\u00fcndigt wurde. F\u00fcr die Verl\u00e4ngerung um ein weiteres Jahr entstehen die gleichen Geb\u00fchren [&hellip;]<\/p>\n","protected":false},"author":1,"featured_media":0,"parent":0,"menu_order":0,"comment_status":"closed","ping_status":"closed","template":"","meta":{"footnotes":""},"class_list":["post-84","page","type-page","status-publish","hentry"],"_links":{"self":[{"href":"https:\/\/www.shspace.de\/index.php\/wp-json\/wp\/v2\/pages\/84","targetHints":{"allow":["GET"]}}],"collection":[{"href":"https:\/\/www.shspace.de\/index.php\/wp-json\/wp\/v2\/pages"}],"about":[{"href":"https:\/\/www.shspace.de\/index.php\/wp-json\/wp\/v2\/types\/page"}],"author":[{"embeddable":true,"href":"https:\/\/www.shspace.de\/index.php\/wp-json\/wp\/v2\/users\/1"}],"replies":[{"embeddable":true,"href":"https:\/\/www.shspace.de\/index.php\/wp-json\/wp\/v2\/comments?post=84"}],"version-history":[{"count":2,"href":"https:\/\/www.shspace.de\/index.php\/wp-json\/wp\/v2\/pages\/84\/revisions"}],"predecessor-version":[{"id":86,"href":"https:\/\/www.shspace.de\/index.php\/wp-json\/wp\/v2\/pages\/84\/revisions\/86"}],"wp:attachment":[{"href":"https:\/\/www.shspace.de\/index.php\/wp-json\/wp\/v2\/media?parent=84"}],"curies":[{"name":"wp","href":"https:\/\/api.w.org\/{rel}","templated":true}]}}